{"id":8398,"date":"2023-10-04T10:13:33","date_gmt":"2023-10-04T10:13:33","guid":{"rendered":"https:\/\/www.najada.com\/word-press\/?page_id=8398"},"modified":"2023-10-04T10:19:59","modified_gmt":"2023-10-04T10:19:59","slug":"8398-2","status":"publish","type":"page","link":"https:\/\/www.najada.com\/word-press\/8398-2\/","title":{"rendered":"dn_samograd"},"content":{"rendered":"\n<h2 id=\"h-samograd\">SAMOGRAD<\/h2>\n\n\n<div id=\"image-map-pro-7313\"><\/div>\n\n\n\n<p><\/p>\n\n\n\n<figure class=\"wp-block-table is-style-regular\"><table class=\"has-white-color has-text-color has-fixed-layout\"><tbody><tr><td class=\"has-text-align-left\" data-align=\"left\">Samograd ist eine der s\u00fcdlichsten Kornaten Inseln. Vor der Insel erstreckt sich in N-S Richtung eine Steilwand, die ab 22m dicht von Roten Gorgonien bewachsen ist. Unter dem \u00fcblichen Einstieg befindet sich ein kleines Plateau, das sehr oft von Langusten besiedelt wird. Der Bewuchs von Roten Gorgonien wechselt zu gelben und dann treten Schwefelschw\u00e4mme auf. Der Weg zur\u00fcck f\u00fchrt \u00fcber das Seegras zu interessanten Felsformationen in geringer Tiefe. Samograd ist einer der sch\u00f6nsten Tauchpl\u00e4tze in der Umgebung.<br>Entfernung von Murter: 10 M<br>Schwierigkeitsgrad: alle, Gorgonien -&gt; mittel<\/td><td class=\"has-text-align-left\" data-align=\"left\">Samograd is the most southern island of Kornati. In front of the island a wall goes from south to north. Descending you see red Fan Corals from 22 meters onward. Pay a visit to a small plateau in 33 meters where usually lobsters dwell. On your way along the wall the red Fan Corals grow deeper and are replaced by yellow ones and after a while Sulphur Sponges appear. Ascend over the sea grass with schools of fish to the little wall beneath the water line of the island and go safely back to the boat. Enjoy it, it is one of the most beautiful dive sites in the Kornati area.<br>Distance from Murter: 10 M<br>Levels: all, gorgonian advanced<\/td><\/tr><tr><td class=\"has-text-align-left\" data-align=\"left\"><a href=\"https:\/\/www.najada.com\/word-press\/language\/de\/tauchplatz-menu\/\">&lt;- ZUR\u00dcCK ZUR AUSWAHL<\/a><\/td><td class=\"has-text-align-left\" data-align=\"left\"><a href=\"https:\/\/www.najada.com\/word-press\/divesite_menu\/\">&lt;- BACK TO SELECTION<\/a><\/td><\/tr><\/tbody><\/table><\/figure>\n","protected":false},"excerpt":{"rendered":"<p>SAMOGRAD Samograd ist eine der s\u00fcdlichsten Kornaten Inseln. Vor der Insel erstreckt sich in N-S Richtung eine Steilwand, die ab 22m dicht von Roten Gorgonien bewachsen ist. Unter dem \u00fcblichen Einstieg befindet sich ein kleines Plateau, das sehr oft von Langusten besiedelt wird. Der Bewuchs von Roten Gorgonien wechselt zu gelben und dann treten Schwefelschw\u00e4mme [&hellip;]<\/p>\n","protected":false},"author":1,"featured_media":0,"parent":0,"menu_order":0,"comment_status":"closed","ping_status":"closed","template":"","meta":{"ngg_post_thumbnail":0},"yoast_head":"<!-- This site is optimized with the Yoast SEO Premium plugin v20.2 (Yoast SEO v20.2) - https:\/\/yoast.com\/wordpress\/plugins\/seo\/ -->\n<title>dn_samograd - Najada diving<\/title>\n<meta name=\"robots\" content=\"index, follow, max-snippet:-1, max-image-preview:large, max-video-preview:-1\" \/>\n<link rel=\"canonical\" href=\"https:\/\/www.najada.com\/word-press\/8398-2\/\" \/>\n<meta property=\"og:locale\" content=\"en_US\" \/>\n<meta property=\"og:type\" content=\"article\" \/>\n<meta property=\"og:title\" content=\"dn_samograd\" \/>\n<meta property=\"og:description\" content=\"SAMOGRAD Samograd ist eine der s\u00fcdlichsten Kornaten Inseln. Vor der Insel erstreckt sich in N-S Richtung eine Steilwand, die ab 22m dicht von Roten Gorgonien bewachsen ist. Unter dem \u00fcblichen Einstieg befindet sich ein kleines Plateau, das sehr oft von Langusten besiedelt wird. Der Bewuchs von Roten Gorgonien wechselt zu gelben und dann treten Schwefelschw\u00e4mme [&hellip;]\" \/>\n<meta property=\"og:url\" content=\"https:\/\/www.najada.com\/word-press\/8398-2\/\" \/>\n<meta property=\"og:site_name\" content=\"Najada diving\" \/>\n<meta property=\"article:publisher\" content=\"https:\/\/www.facebook.com\/NajadaDiving\" \/>\n<meta property=\"article:modified_time\" content=\"2023-10-04T10:19:59+00:00\" \/>\n<meta name=\"twitter:card\" content=\"summary_large_image\" \/>\n<meta name=\"twitter:label1\" content=\"Est. reading time\" \/>\n\t<meta name=\"twitter:data1\" content=\"2 minutes\" \/>\n<script type=\"application\/ld+json\" class=\"yoast-schema-graph\">{\"@context\":\"https:\/\/schema.org\",\"@graph\":[{\"@type\":\"WebPage\",\"@id\":\"https:\/\/www.najada.com\/word-press\/8398-2\/\",\"url\":\"https:\/\/www.najada.com\/word-press\/8398-2\/\",\"name\":\"dn_samograd - Najada diving\",\"isPartOf\":{\"@id\":\"https:\/\/www.najada.com\/word-press\/#website\"},\"datePublished\":\"2023-10-04T10:13:33+00:00\",\"dateModified\":\"2023-10-04T10:19:59+00:00\",\"breadcrumb\":{\"@id\":\"https:\/\/www.najada.com\/word-press\/8398-2\/#breadcrumb\"},\"inLanguage\":\"en-US\",\"potentialAction\":[{\"@type\":\"ReadAction\",\"target\":[\"https:\/\/www.najada.com\/word-press\/8398-2\/\"]}]},{\"@type\":\"BreadcrumbList\",\"@id\":\"https:\/\/www.najada.com\/word-press\/8398-2\/#breadcrumb\",\"itemListElement\":[{\"@type\":\"ListItem\",\"position\":1,\"name\":\"Startseite\",\"item\":\"https:\/\/www.najada.com\/word-press\/\"},{\"@type\":\"ListItem\",\"position\":2,\"name\":\"dn_samograd\"}]},{\"@type\":\"WebSite\",\"@id\":\"https:\/\/www.najada.com\/word-press\/#website\",\"url\":\"https:\/\/www.najada.com\/word-press\/\",\"name\":\"Najada diving\",\"description\":\"Tauchen in Kroatien \/ Diving in Croatia\",\"publisher\":{\"@id\":\"https:\/\/www.najada.com\/word-press\/#organization\"},\"potentialAction\":[{\"@type\":\"SearchAction\",\"target\":{\"@type\":\"EntryPoint\",\"urlTemplate\":\"https:\/\/www.najada.com\/word-press\/?s={search_term_string}\"},\"query-input\":\"required name=search_term_string\"}],\"inLanguage\":\"en-US\"},{\"@type\":\"Organization\",\"@id\":\"https:\/\/www.najada.com\/word-press\/#organization\",\"name\":\"Najada d.o.o.\",\"url\":\"https:\/\/www.najada.com\/word-press\/\",\"logo\":{\"@type\":\"ImageObject\",\"inLanguage\":\"en-US\",\"@id\":\"https:\/\/www.najada.com\/word-press\/#\/schema\/logo\/image\/\",\"url\":\"https:\/\/www.najada.com\/word-press\/wp-content\/uploads\/logonurnajada-Kopie.png\",\"contentUrl\":\"https:\/\/www.najada.com\/word-press\/wp-content\/uploads\/logonurnajada-Kopie.png\",\"width\":400,\"height\":405,\"caption\":\"Najada d.o.o.\"},\"image\":{\"@id\":\"https:\/\/www.najada.com\/word-press\/#\/schema\/logo\/image\/\"},\"sameAs\":[\"https:\/\/www.facebook.com\/NajadaDiving\",\"https:\/\/www.instagram.com\/najadadiving\/\",\"https:\/\/www.youtube.com\/user\/najadadiving\/videos\"]}]}<\/script>\n<!-- \/ Yoast SEO Premium plugin. -->","yoast_head_json":{"title":"dn_samograd - Najada diving","robots":{"index":"index","follow":"follow","max-snippet":"max-snippet:-1","max-image-preview":"max-image-preview:large","max-video-preview":"max-video-preview:-1"},"canonical":"https:\/\/www.najada.com\/word-press\/8398-2\/","og_locale":"en_US","og_type":"article","og_title":"dn_samograd","og_description":"SAMOGRAD Samograd ist eine der s\u00fcdlichsten Kornaten Inseln. Vor der Insel erstreckt sich in N-S Richtung eine Steilwand, die ab 22m dicht von Roten Gorgonien bewachsen ist. Unter dem \u00fcblichen Einstieg befindet sich ein kleines Plateau, das sehr oft von Langusten besiedelt wird. Der Bewuchs von Roten Gorgonien wechselt zu gelben und dann treten Schwefelschw\u00e4mme [&hellip;]","og_url":"https:\/\/www.najada.com\/word-press\/8398-2\/","og_site_name":"Najada diving","article_publisher":"https:\/\/www.facebook.com\/NajadaDiving","article_modified_time":"2023-10-04T10:19:59+00:00","twitter_card":"summary_large_image","twitter_misc":{"Est. reading time":"2 minutes"},"schema":{"@context":"https:\/\/schema.org","@graph":[{"@type":"WebPage","@id":"https:\/\/www.najada.com\/word-press\/8398-2\/","url":"https:\/\/www.najada.com\/word-press\/8398-2\/","name":"dn_samograd - Najada diving","isPartOf":{"@id":"https:\/\/www.najada.com\/word-press\/#website"},"datePublished":"2023-10-04T10:13:33+00:00","dateModified":"2023-10-04T10:19:59+00:00","breadcrumb":{"@id":"https:\/\/www.najada.com\/word-press\/8398-2\/#breadcrumb"},"inLanguage":"en-US","potentialAction":[{"@type":"ReadAction","target":["https:\/\/www.najada.com\/word-press\/8398-2\/"]}]},{"@type":"BreadcrumbList","@id":"https:\/\/www.najada.com\/word-press\/8398-2\/#breadcrumb","itemListElement":[{"@type":"ListItem","position":1,"name":"Startseite","item":"https:\/\/www.najada.com\/word-press\/"},{"@type":"ListItem","position":2,"name":"dn_samograd"}]},{"@type":"WebSite","@id":"https:\/\/www.najada.com\/word-press\/#website","url":"https:\/\/www.najada.com\/word-press\/","name":"Najada diving","description":"Tauchen in Kroatien \/ Diving in Croatia","publisher":{"@id":"https:\/\/www.najada.com\/word-press\/#organization"},"potentialAction":[{"@type":"SearchAction","target":{"@type":"EntryPoint","urlTemplate":"https:\/\/www.najada.com\/word-press\/?s={search_term_string}"},"query-input":"required name=search_term_string"}],"inLanguage":"en-US"},{"@type":"Organization","@id":"https:\/\/www.najada.com\/word-press\/#organization","name":"Najada d.o.o.","url":"https:\/\/www.najada.com\/word-press\/","logo":{"@type":"ImageObject","inLanguage":"en-US","@id":"https:\/\/www.najada.com\/word-press\/#\/schema\/logo\/image\/","url":"https:\/\/www.najada.com\/word-press\/wp-content\/uploads\/logonurnajada-Kopie.png","contentUrl":"https:\/\/www.najada.com\/word-press\/wp-content\/uploads\/logonurnajada-Kopie.png","width":400,"height":405,"caption":"Najada d.o.o."},"image":{"@id":"https:\/\/www.najada.com\/word-press\/#\/schema\/logo\/image\/"},"sameAs":["https:\/\/www.facebook.com\/NajadaDiving","https:\/\/www.instagram.com\/najadadiving\/","https:\/\/www.youtube.com\/user\/najadadiving\/videos"]}]}},"_links":{"self":[{"href":"https:\/\/www.najada.com\/word-press\/wp-json\/wp\/v2\/pages\/8398"}],"collection":[{"href":"https:\/\/www.najada.com\/word-press\/wp-json\/wp\/v2\/pages"}],"about":[{"href":"https:\/\/www.najada.com\/word-press\/wp-json\/wp\/v2\/types\/page"}],"author":[{"embeddable":true,"href":"https:\/\/www.najada.com\/word-press\/wp-json\/wp\/v2\/users\/1"}],"replies":[{"embeddable":true,"href":"https:\/\/www.najada.com\/word-press\/wp-json\/wp\/v2\/comments?post=8398"}],"version-history":[{"count":2,"href":"https:\/\/www.najada.com\/word-press\/wp-json\/wp\/v2\/pages\/8398\/revisions"}],"predecessor-version":[{"id":8401,"href":"https:\/\/www.najada.com\/word-press\/wp-json\/wp\/v2\/pages\/8398\/revisions\/8401"}],"wp:attachment":[{"href":"https:\/\/www.najada.com\/word-press\/wp-json\/wp\/v2\/media?parent=8398"}],"curies":[{"name":"wp","href":"https:\/\/api.w.org\/{rel}","templated":true}]}}