{"id":8355,"date":"2023-10-02T12:52:39","date_gmt":"2023-10-02T12:52:39","guid":{"rendered":"https:\/\/www.najada.com\/word-press\/?page_id=8355"},"modified":"2023-10-02T12:57:31","modified_gmt":"2023-10-02T12:57:31","slug":"dn_opat","status":"publish","type":"page","link":"https:\/\/www.najada.com\/word-press\/language\/de\/dn_opat\/","title":{"rendered":"dn_opat"},"content":{"rendered":"\n<h2 id=\"h-opat\">OPAT<\/h2>\n\n\n<div id=\"image-map-pro-145\"><\/div>\n\n\n\n<p><\/p>\n\n\n\n<figure class=\"wp-block-table is-style-regular\"><table class=\"has-white-color has-text-color has-fixed-layout\"><tbody><tr><td class=\"has-text-align-left\" data-align=\"left\">Ein kleiner \u00dcberhang markiert den Tauchplatz. Tauche dem Tal entlang Richtung NW. In 28m Tiefe befindet sich eine H\u00f6hle. Nur erfahrene Taucher sollten die H\u00f6hle betauchen. Rechte Schulter der Wand entlang fortsetzen. Die Wand ist dicht bewachsen. Ab 28m Rote Gorgonien. Auch der Weg mit der linken Schulter ist \u00fcberdeckt mit F\u00e4cherkorallen. Am Ende befindet sich eine H\u00f6hle in 10m Tiefe, die auch von Anf\u00e4ngern betaucht weren kann.<br>Entfernung von Murter: 9 M<br>Schwierigkeitsgrad: alle, H\u00f6hle1 nur f\u00fcr erfahrene Taucher<\/td><td class=\"has-text-align-left\" data-align=\"left\">An above-water half-cave marks the site. Dive down the valley in direction NE. In appr. 28m you find a cave. Only experienced divers should go in. Continue the dive with your right shoulder along the wall, nicely overgrown with yellow and red Gorgonian. Also the way with the left shoulder is covered with fan corals. At the end there is a cave in 10m depth, which can also be dived by beginners.<br>Distance from Murter: 9 M<br>Levels: all, cave 1 for experienced<\/td><\/tr><tr><td class=\"has-text-align-left\" data-align=\"left\"><a href=\"https:\/\/www.najada.com\/word-press\/language\/de\/tauchplatz-menu\/\">&lt;- ZUR\u00dcCK ZUR AUSWAHL<\/a><\/td><td class=\"has-text-align-left\" data-align=\"left\"><a href=\"https:\/\/www.najada.com\/word-press\/divesite_menu\/\">&lt;- BACK TO SELECTION<\/a><\/td><\/tr><\/tbody><\/table><\/figure>\n","protected":false},"excerpt":{"rendered":"<p>OPAT Ein kleiner \u00dcberhang markiert den Tauchplatz. Tauche dem Tal entlang Richtung NW. In 28m Tiefe befindet sich eine H\u00f6hle. Nur erfahrene Taucher sollten die H\u00f6hle betauchen. Rechte Schulter der Wand entlang fortsetzen. Die Wand ist dicht bewachsen. Ab 28m Rote Gorgonien. Auch der Weg mit der linken Schulter ist \u00fcberdeckt mit F\u00e4cherkorallen. Am Ende [&hellip;]<\/p>\n","protected":false},"author":1,"featured_media":0,"parent":0,"menu_order":0,"comment_status":"closed","ping_status":"closed","template":"","meta":{"ngg_post_thumbnail":0},"yoast_head":"<!-- This site is optimized with the Yoast SEO Premium plugin v20.2 (Yoast SEO v20.2) - https:\/\/yoast.com\/wordpress\/plugins\/seo\/ -->\n<title>dn_opat - Najada diving<\/title>\n<meta name=\"robots\" content=\"index, follow, max-snippet:-1, max-image-preview:large, max-video-preview:-1\" \/>\n<link rel=\"canonical\" href=\"https:\/\/www.najada.com\/word-press\/language\/de\/dn_opat\/\" \/>\n<meta property=\"og:locale\" content=\"en_US\" \/>\n<meta property=\"og:type\" content=\"article\" \/>\n<meta property=\"og:title\" content=\"dn_opat\" \/>\n<meta property=\"og:description\" content=\"OPAT Ein kleiner \u00dcberhang markiert den Tauchplatz. Tauche dem Tal entlang Richtung NW. In 28m Tiefe befindet sich eine H\u00f6hle. Nur erfahrene Taucher sollten die H\u00f6hle betauchen. Rechte Schulter der Wand entlang fortsetzen. Die Wand ist dicht bewachsen. Ab 28m Rote Gorgonien. Auch der Weg mit der linken Schulter ist \u00fcberdeckt mit F\u00e4cherkorallen. Am Ende [&hellip;]\" \/>\n<meta property=\"og:url\" content=\"https:\/\/www.najada.com\/word-press\/language\/de\/dn_opat\/\" \/>\n<meta property=\"og:site_name\" content=\"Najada diving\" \/>\n<meta property=\"article:publisher\" content=\"https:\/\/www.facebook.com\/NajadaDiving\" \/>\n<meta property=\"article:modified_time\" content=\"2023-10-02T12:57:31+00:00\" \/>\n<meta name=\"twitter:card\" content=\"summary_large_image\" \/>\n<meta name=\"twitter:label1\" content=\"Est. reading time\" \/>\n\t<meta name=\"twitter:data1\" content=\"1 minute\" \/>\n<script type=\"application\/ld+json\" class=\"yoast-schema-graph\">{\"@context\":\"https:\/\/schema.org\",\"@graph\":[{\"@type\":\"WebPage\",\"@id\":\"https:\/\/www.najada.com\/word-press\/language\/de\/dn_opat\/\",\"url\":\"https:\/\/www.najada.com\/word-press\/language\/de\/dn_opat\/\",\"name\":\"dn_opat - Najada diving\",\"isPartOf\":{\"@id\":\"https:\/\/www.najada.com\/word-press\/#website\"},\"datePublished\":\"2023-10-02T12:52:39+00:00\",\"dateModified\":\"2023-10-02T12:57:31+00:00\",\"breadcrumb\":{\"@id\":\"https:\/\/www.najada.com\/word-press\/language\/de\/dn_opat\/#breadcrumb\"},\"inLanguage\":\"en-US\",\"potentialAction\":[{\"@type\":\"ReadAction\",\"target\":[\"https:\/\/www.najada.com\/word-press\/language\/de\/dn_opat\/\"]}]},{\"@type\":\"BreadcrumbList\",\"@id\":\"https:\/\/www.najada.com\/word-press\/language\/de\/dn_opat\/#breadcrumb\",\"itemListElement\":[{\"@type\":\"ListItem\",\"position\":1,\"name\":\"Startseite\",\"item\":\"https:\/\/www.najada.com\/word-press\/\"},{\"@type\":\"ListItem\",\"position\":2,\"name\":\"dn_opat\"}]},{\"@type\":\"WebSite\",\"@id\":\"https:\/\/www.najada.com\/word-press\/#website\",\"url\":\"https:\/\/www.najada.com\/word-press\/\",\"name\":\"Najada diving\",\"description\":\"Tauchen in Kroatien \/ Diving in Croatia\",\"publisher\":{\"@id\":\"https:\/\/www.najada.com\/word-press\/#organization\"},\"potentialAction\":[{\"@type\":\"SearchAction\",\"target\":{\"@type\":\"EntryPoint\",\"urlTemplate\":\"https:\/\/www.najada.com\/word-press\/?s={search_term_string}\"},\"query-input\":\"required name=search_term_string\"}],\"inLanguage\":\"en-US\"},{\"@type\":\"Organization\",\"@id\":\"https:\/\/www.najada.com\/word-press\/#organization\",\"name\":\"Najada d.o.o.\",\"url\":\"https:\/\/www.najada.com\/word-press\/\",\"logo\":{\"@type\":\"ImageObject\",\"inLanguage\":\"en-US\",\"@id\":\"https:\/\/www.najada.com\/word-press\/#\/schema\/logo\/image\/\",\"url\":\"https:\/\/www.najada.com\/word-press\/wp-content\/uploads\/logonurnajada-Kopie.png\",\"contentUrl\":\"https:\/\/www.najada.com\/word-press\/wp-content\/uploads\/logonurnajada-Kopie.png\",\"width\":400,\"height\":405,\"caption\":\"Najada d.o.o.\"},\"image\":{\"@id\":\"https:\/\/www.najada.com\/word-press\/#\/schema\/logo\/image\/\"},\"sameAs\":[\"https:\/\/www.facebook.com\/NajadaDiving\",\"https:\/\/www.instagram.com\/najadadiving\/\",\"https:\/\/www.youtube.com\/user\/najadadiving\/videos\"]}]}<\/script>\n<!-- \/ Yoast SEO Premium plugin. -->","yoast_head_json":{"title":"dn_opat - Najada diving","robots":{"index":"index","follow":"follow","max-snippet":"max-snippet:-1","max-image-preview":"max-image-preview:large","max-video-preview":"max-video-preview:-1"},"canonical":"https:\/\/www.najada.com\/word-press\/language\/de\/dn_opat\/","og_locale":"en_US","og_type":"article","og_title":"dn_opat","og_description":"OPAT Ein kleiner \u00dcberhang markiert den Tauchplatz. Tauche dem Tal entlang Richtung NW. In 28m Tiefe befindet sich eine H\u00f6hle. Nur erfahrene Taucher sollten die H\u00f6hle betauchen. Rechte Schulter der Wand entlang fortsetzen. Die Wand ist dicht bewachsen. Ab 28m Rote Gorgonien. Auch der Weg mit der linken Schulter ist \u00fcberdeckt mit F\u00e4cherkorallen. Am Ende [&hellip;]","og_url":"https:\/\/www.najada.com\/word-press\/language\/de\/dn_opat\/","og_site_name":"Najada diving","article_publisher":"https:\/\/www.facebook.com\/NajadaDiving","article_modified_time":"2023-10-02T12:57:31+00:00","twitter_card":"summary_large_image","twitter_misc":{"Est. reading time":"1 minute"},"schema":{"@context":"https:\/\/schema.org","@graph":[{"@type":"WebPage","@id":"https:\/\/www.najada.com\/word-press\/language\/de\/dn_opat\/","url":"https:\/\/www.najada.com\/word-press\/language\/de\/dn_opat\/","name":"dn_opat - Najada diving","isPartOf":{"@id":"https:\/\/www.najada.com\/word-press\/#website"},"datePublished":"2023-10-02T12:52:39+00:00","dateModified":"2023-10-02T12:57:31+00:00","breadcrumb":{"@id":"https:\/\/www.najada.com\/word-press\/language\/de\/dn_opat\/#breadcrumb"},"inLanguage":"en-US","potentialAction":[{"@type":"ReadAction","target":["https:\/\/www.najada.com\/word-press\/language\/de\/dn_opat\/"]}]},{"@type":"BreadcrumbList","@id":"https:\/\/www.najada.com\/word-press\/language\/de\/dn_opat\/#breadcrumb","itemListElement":[{"@type":"ListItem","position":1,"name":"Startseite","item":"https:\/\/www.najada.com\/word-press\/"},{"@type":"ListItem","position":2,"name":"dn_opat"}]},{"@type":"WebSite","@id":"https:\/\/www.najada.com\/word-press\/#website","url":"https:\/\/www.najada.com\/word-press\/","name":"Najada diving","description":"Tauchen in Kroatien \/ Diving in Croatia","publisher":{"@id":"https:\/\/www.najada.com\/word-press\/#organization"},"potentialAction":[{"@type":"SearchAction","target":{"@type":"EntryPoint","urlTemplate":"https:\/\/www.najada.com\/word-press\/?s={search_term_string}"},"query-input":"required name=search_term_string"}],"inLanguage":"en-US"},{"@type":"Organization","@id":"https:\/\/www.najada.com\/word-press\/#organization","name":"Najada d.o.o.","url":"https:\/\/www.najada.com\/word-press\/","logo":{"@type":"ImageObject","inLanguage":"en-US","@id":"https:\/\/www.najada.com\/word-press\/#\/schema\/logo\/image\/","url":"https:\/\/www.najada.com\/word-press\/wp-content\/uploads\/logonurnajada-Kopie.png","contentUrl":"https:\/\/www.najada.com\/word-press\/wp-content\/uploads\/logonurnajada-Kopie.png","width":400,"height":405,"caption":"Najada d.o.o."},"image":{"@id":"https:\/\/www.najada.com\/word-press\/#\/schema\/logo\/image\/"},"sameAs":["https:\/\/www.facebook.com\/NajadaDiving","https:\/\/www.instagram.com\/najadadiving\/","https:\/\/www.youtube.com\/user\/najadadiving\/videos"]}]}},"_links":{"self":[{"href":"https:\/\/www.najada.com\/word-press\/wp-json\/wp\/v2\/pages\/8355"}],"collection":[{"href":"https:\/\/www.najada.com\/word-press\/wp-json\/wp\/v2\/pages"}],"about":[{"href":"https:\/\/www.najada.com\/word-press\/wp-json\/wp\/v2\/types\/page"}],"author":[{"embeddable":true,"href":"https:\/\/www.najada.com\/word-press\/wp-json\/wp\/v2\/users\/1"}],"replies":[{"embeddable":true,"href":"https:\/\/www.najada.com\/word-press\/wp-json\/wp\/v2\/comments?post=8355"}],"version-history":[{"count":2,"href":"https:\/\/www.najada.com\/word-press\/wp-json\/wp\/v2\/pages\/8355\/revisions"}],"predecessor-version":[{"id":8359,"href":"https:\/\/www.najada.com\/word-press\/wp-json\/wp\/v2\/pages\/8355\/revisions\/8359"}],"wp:attachment":[{"href":"https:\/\/www.najada.com\/word-press\/wp-json\/wp\/v2\/media?parent=8355"}],"curies":[{"name":"wp","href":"https:\/\/api.w.org\/{rel}","templated":true}]}}