{"id":3286,"date":"2018-01-02T06:44:22","date_gmt":"2018-01-02T06:44:22","guid":{"rendered":"https:\/\/www.najada.com\/word-press\/?page_id=3286"},"modified":"2024-04-24T09:53:33","modified_gmt":"2024-04-24T09:53:33","slug":"kontakt","status":"publish","type":"page","link":"https:\/\/www.najada.com\/word-press\/language\/de\/kontakt\/","title":{"rendered":"Kontakt"},"content":{"rendered":"<h1><span style=\"color: #ffcc00;\"><img decoding=\"async\" loading=\"lazy\" class=\"alignnone wp-image-1478\" src=\"https:\/\/www.najada.com\/word-press\/wp-content\/uploads\/cropped-logonurnajada-Kopie.png\" alt=\"\" width=\"196\" height=\"198\">Kontakt Najada diving<\/span><\/h1>\n<p><span style=\"color: #ffffff;\">Auf dieser Seite findest du Najada diving Kontakte, sowie Erfahrungsberichte von Kunden in Sozialen Netzwerken.&nbsp;<\/span><\/p>\n<p><!-- Block Beginn ******************************************************** --><\/p>\n<table class=\" aligncenter\" style=\"background-color: #8ce9fa;\" width=\"100%\">\n<tbody>\n<tr>\n<td width=\"33%\">\n<h3><strong><span style=\"color: #0000ff;\">Erfahrungsberichte<br \/>\nunserer Kunden&nbsp; &nbsp; &nbsp; &nbsp; &nbsp; &nbsp; &nbsp; &nbsp; &nbsp; &nbsp; &nbsp; &nbsp; &nbsp; &nbsp; &nbsp; &nbsp; &nbsp; &nbsp; &nbsp; &nbsp; &nbsp; &nbsp; &nbsp; &nbsp; &nbsp; &nbsp; &nbsp; &nbsp; &nbsp; &nbsp; &nbsp; &nbsp; &nbsp;&nbsp;<\/span><\/strong><\/h3>\n<\/td>\n<td width=\"17%\"><strong><span style=\"color: #0000ff;\">Tauchparadies Kroatien&nbsp;&nbsp;<\/span><\/strong>&nbsp;&nbsp;&nbsp;&nbsp;<\/p>\n<div id=\"arapp-root\" data-id=\"03afdbd66e7929b125f8597834fa83a4\" data-lang=\"de\" data-pos=\"mm\" data-type=\"batch|b\">&nbsp;<\/div>\n<p><script type=\"text\/javascript\" src=\"https:\/\/app.a-review-app.com\/fe.php\"><\/script><\/td>\n<td width=\"17%\"><strong><span style=\"color: #0000ff;\">Tauchernet&nbsp;&nbsp;<\/span><\/strong>&nbsp;&nbsp;<\/p>\n<p><a href=\"https:\/\/svc.taucher.net\/badges\/l.php?t=DC&amp;id=2205%20target=tauchernet\" target=\"_blank\" rel=\"noopener noreferrer\"><img decoding=\"async\" loading=\"lazy\" class=\"alignnone size-full wp-image-2850\" src=\"https:\/\/www.najada.com\/word-press\/wp-content\/uploads\/logo_tauchernet.png\" alt=\"\" width=\"175\" height=\"195\"><\/a><\/p>\n<p><strong><span style=\"color: #0000ff;\">&nbsp;<\/span><\/strong><\/td>\n<td width=\"17%\"><strong><span style=\"color: #0000ff;\">Tripadvisor<\/span><\/strong>&nbsp;&nbsp;<\/p>\n<p><a href=\"https:\/\/www.tripadvisor.at\/Attraction_Review-g2034462-d6385107-Reviews-Najada_Diving-Murter_Murter_Island_Sibenik_Knin_County_Dalmatia.html\" target=\"_blank\" rel=\"noopener noreferrer\"><img decoding=\"async\" loading=\"lazy\" class=\"alignnone wp-image-5445\" src=\"https:\/\/www.najada.com\/word-press\/wp-content\/uploads\/tripadvisor-1.jpg\" alt=\"\" width=\"160\" height=\"104\"><\/a><\/td>\n<td width=\"17%\"><strong><span style=\"color: #0000ff;\">Google<\/span><\/strong>&nbsp;&nbsp;<\/p>\n<p><a href=\"https:\/\/www.google.com\/search?q=najada+diving&amp;oq=najada+diving&amp;aqs=chrome..69i57j69i60l3j69i65l2.10889j0j7&amp;sourceid=chrome&amp;ie=UTF-8#lrd=0x1334ce3ae67ef4c7:0xa2a28d2e8ef944a1,1,,,\" target=\"_blank\" rel=\"noopener noreferrer\"><img decoding=\"async\" loading=\"lazy\" class=\"alignnone wp-image-5448 size-full\" src=\"https:\/\/www.najada.com\/word-press\/wp-content\/uploads\/google.jpg\" alt=\"\" width=\"283\" height=\"124\"><\/a><\/p>\n<p><strong><span style=\"color: #0000ff;\">&nbsp;<\/span><\/strong><\/td>\n<\/tr>\n<\/tbody>\n<\/table>\n<p>&nbsp;<\/p>\n<table class=\" aligncenter\" style=\"background-color: #8ce9fa;\" width=\"100%\">\n<tbody>\n<tr>\n<td width=\"50%\">\n<h3><strong><span style=\"color: #0000ff;\">Telefon&nbsp; &nbsp; &nbsp; &nbsp; &nbsp; &nbsp; &nbsp; &nbsp; &nbsp; &nbsp; &nbsp; &nbsp; &nbsp; &nbsp; &nbsp; &nbsp; &nbsp; &nbsp; &nbsp; &nbsp; &nbsp; &nbsp; &nbsp; &nbsp; &nbsp; &nbsp; &nbsp; &nbsp;<\/span><\/strong><\/h3>\n<\/td>\n<td width=\"50%\">&nbsp;&nbsp;<\/p>\n<p><strong><span style=\"color: #0000ff;\">Tauchbasis:<\/span><\/strong> + 385 98 137 1565<\/p>\n<p><span style=\"color: #0000ff;\"><b>(auch WhatsApp)<\/b><\/span><\/p>\n<p>&nbsp;<\/td>\n<\/tr>\n<\/tbody>\n<\/table>\n<p><!-- Block Ende ******************************************************** --><\/p>\n<p><!-- Block Beginn ******************************************************** --><\/p>\n<table class=\" aligncenter\" style=\"background-color: #8ce9fa;\" width=\"100%\">\n<tbody>\n<tr>\n<td width=\"50%\">\n<h3><strong><span style=\"color: #0000ff;\">Adresse&nbsp; &nbsp; &nbsp; &nbsp; &nbsp; &nbsp; &nbsp; &nbsp; &nbsp; &nbsp; &nbsp; &nbsp; &nbsp; &nbsp; &nbsp; &nbsp; &nbsp; &nbsp; &nbsp; &nbsp; &nbsp; &nbsp; &nbsp; &nbsp; &nbsp; &nbsp; &nbsp; &nbsp; &nbsp; &nbsp; &nbsp; &nbsp; &nbsp; &nbsp; &nbsp; &nbsp;<\/span><\/strong><\/h3>\n<\/td>\n<td width=\"50%\"><strong><span style=\"color: #0000ff;\">Tauchbasis:<\/span><\/strong>&nbsp;&nbsp;<\/p>\n<p>Najada diving<br \/>\nPut Jersan 17<br \/>\nHR-22243 Murter<\/p>\n<p><strong><span style=\"color: #0000ff;\">B\u00fcro:<br \/>\n<\/span><\/strong>Najada d.o.o.<br \/>\nPut Jersan 17<br \/>\nHR-22243 Murter<\/p>\n<p><strong><span style=\"color: #0000ff;\">VAT-No.:<\/span><\/strong> HR 53 797 043 688<\/td>\n<\/tr>\n<\/tbody>\n<\/table>\n<p><!-- Block Ende ******************************************************** --><\/p>\n<p><!-- Block Beginn ******************************************************** --><\/p>\n<table class=\" aligncenter\" style=\"background-color: #8ce9fa;\" width=\"100%\">\n<tbody>\n<tr>\n<td width=\"50%\">\n<h3>&nbsp;<\/h3>\n<h3><strong><span style=\"color: #0000ff;\">e-mail; soziale Netzwerke&nbsp; &nbsp; &nbsp; &nbsp; &nbsp; &nbsp; &nbsp; &nbsp; &nbsp; &nbsp; &nbsp; &nbsp; &nbsp; &nbsp; &nbsp; &nbsp; &nbsp; &nbsp; &nbsp; &nbsp; &nbsp; &nbsp; &nbsp; &nbsp; &nbsp;&nbsp;<\/span><\/strong><\/h3>\n<\/td>\n<td width=\"50%\"><span style=\"color: #0000ff;\"><strong>e-mail:<\/strong><br \/>\n<span style=\"text-decoration: underline;\"><a style=\"color: #0000ff; text-decoration: underline;\" href=\"mailto:hello@najada.com\">hello@najada.com<\/a><\/span><\/span><\/p>\n<p><span style=\"color: #0000ff;\"><strong>Home Page:<\/strong><br \/>\n<\/span>https:\/\/www.najada.com<br \/>\n<strong><span style=\"color: #0000ff;\">facebook:&nbsp;<br \/>\n<\/span><\/strong><a href=\"http:\/\/www.facebook.com\/NajadaDiving\" target=\"_blank\" rel=\"noopener noreferrer\"><span style=\"text-decoration: underline;\"><span style=\"color: #0000ff; text-decoration: underline;\">http:\/\/www.facebook.com\/NajadaDiving<br \/>\n<\/span><\/span><\/a><strong><span style=\"color: #0000ff;\">Google business:<\/span><\/strong><br \/>\n<span style=\"text-decoration: underline;\"><span style=\"color: #0000ff; text-decoration: underline;\"><a style=\"color: #0000ff; text-decoration: underline;\" href=\"https:\/\/www.google.com\/search?q=najada+diving&amp;oq=najada+diving&amp;aqs=chrome..69i57j69i59j69i60l3j69i65l3.15151j0j4&amp;sourceid=chrome&amp;ie=UTF-8\" target=\"_blank\" rel=\"noopener noreferrer\">Najada diving<br \/>\n<\/a><\/span><\/span><strong><span style=\"color: #0000ff;\">Instagram:<\/span><\/strong><br \/>\n<a href=\"https:\/\/www.instagram.com\/najadadiving\/\"><span style=\"text-decoration: underline;\"><span style=\"color: #0000ff; text-decoration: underline;\">https:\/\/www.instagram.com\/najadadiving<\/span><\/span><\/a><\/td>\n<\/tr>\n<\/tbody>\n<\/table>\n<p><!-- Block Beginn ******************************************************** --><\/p>\n<table class=\" aligncenter\" style=\"background-color: #8ce9fa;\" width=\"100%\">\n<tbody>\n<tr>\n<td>\n<h3><strong><span style=\"color: #0000ff;\">Mitteilung \u00fcber die Art der Einreichung einer Beschwerde<\/span><\/strong><\/h3>\n<p>Beschwerden \u00fcber Dienstleistungen im Tourismussektor k\u00f6nnen mit folgenden Mitteln eingereicht werden (Amtsblatt &#8220;NN&#8221;130\/17):&nbsp; &nbsp; &nbsp; &nbsp; &nbsp; &nbsp; &nbsp; &nbsp; &nbsp; &nbsp; &nbsp; &nbsp; &nbsp; &nbsp; &nbsp; &nbsp; &nbsp; &nbsp; &nbsp;&nbsp;<br \/>\nIn Gesch\u00e4ftsr\u00e4umen (Formular ausf\u00fcllen, schriftliche Best\u00e4tigung)<br \/>\nper Post: Najada diving, Put Jersan 17, HR-22243 Murter (Eingeschriebener Brief)<br \/>\nE-MAIL: <span style=\"color: #0000ff;\"><span style=\"text-decoration: underline;\"><a style=\"color: #0000ff; text-decoration: underline;\" href=\"mailto:hello@najada.com\">hello@najada.com<\/a><\/span><\/span><\/p>\n<p>DER ANTRAG WIRD INNERHALB VON 15 TAGEN SCHRIFTLICH BEANTWORTET.<\/td>\n<\/tr>\n<\/tbody>\n<\/table>\n","protected":false},"excerpt":{"rendered":"<p>Kontakt Najada diving Auf dieser Seite findest du Najada diving Kontakte, sowie Erfahrungsberichte von Kunden in Sozialen Netzwerken.&nbsp; Erfahrungsberichte unserer Kunden&nbsp; &nbsp; &nbsp; &nbsp; &nbsp; &nbsp; &nbsp; &nbsp; &nbsp; &nbsp; &nbsp; &nbsp; &nbsp; &nbsp; &nbsp; &nbsp; &nbsp; &nbsp; &nbsp; &nbsp; &nbsp; &nbsp; &nbsp; &nbsp; &nbsp; &nbsp; &nbsp; &nbsp; &nbsp; &nbsp; &nbsp; &nbsp; &nbsp;&nbsp; Tauchparadies Kroatien&nbsp;&nbsp;&nbsp;&nbsp;&nbsp;&nbsp; [&hellip;]<\/p>\n","protected":false},"author":1,"featured_media":0,"parent":0,"menu_order":0,"comment_status":"closed","ping_status":"closed","template":"","meta":{"ngg_post_thumbnail":0},"yoast_head":"<!-- This site is optimized with the Yoast SEO Premium plugin v20.2 (Yoast SEO v20.2) - https:\/\/yoast.com\/wordpress\/plugins\/seo\/ -->\n<title>Kontakt Najada diving - Erfahrungsberichte - Soziale Netzwerke<\/title>\n<meta name=\"description\" content=\"Auf dieser Seite findest du Najada diving Kontakte, sowie Erfahrungsberichte von Kunden in Sozialen Netzwerken wie Tauchernet, Tripadvisor und Google.\" \/>\n<meta name=\"robots\" content=\"index, follow, max-snippet:-1, max-image-preview:large, max-video-preview:-1\" \/>\n<link rel=\"canonical\" href=\"https:\/\/www.najada.com\/word-press\/language\/de\/kontakt\/\" \/>\n<meta property=\"og:locale\" content=\"en_US\" \/>\n<meta property=\"og:type\" content=\"article\" \/>\n<meta property=\"og:title\" content=\"Kontakt\" \/>\n<meta property=\"og:description\" content=\"Auf dieser Seite findest du Najada diving Kontakte, sowie Erfahrungsberichte von Kunden in Sozialen Netzwerken wie Tauchernet, Tripadvisor und Google.\" \/>\n<meta property=\"og:url\" content=\"https:\/\/www.najada.com\/word-press\/language\/de\/kontakt\/\" \/>\n<meta property=\"og:site_name\" content=\"Najada diving\" \/>\n<meta property=\"article:publisher\" content=\"https:\/\/www.facebook.com\/NajadaDiving\" \/>\n<meta property=\"article:modified_time\" content=\"2024-04-24T09:53:33+00:00\" \/>\n<meta property=\"og:image\" content=\"https:\/\/www.najada.com\/word-press\/wp-content\/uploads\/cropped-logonurnajada-Kopie.png\" \/>\n<meta name=\"twitter:card\" content=\"summary_large_image\" \/>\n<meta name=\"twitter:label1\" content=\"Est. reading time\" \/>\n\t<meta name=\"twitter:data1\" content=\"2 minutes\" \/>\n<script type=\"application\/ld+json\" class=\"yoast-schema-graph\">{\"@context\":\"https:\/\/schema.org\",\"@graph\":[{\"@type\":\"WebPage\",\"@id\":\"https:\/\/www.najada.com\/word-press\/language\/de\/kontakt\/\",\"url\":\"https:\/\/www.najada.com\/word-press\/language\/de\/kontakt\/\",\"name\":\"Kontakt Najada diving - Erfahrungsberichte - Soziale Netzwerke\",\"isPartOf\":{\"@id\":\"https:\/\/www.najada.com\/word-press\/#website\"},\"datePublished\":\"2018-01-02T06:44:22+00:00\",\"dateModified\":\"2024-04-24T09:53:33+00:00\",\"description\":\"Auf dieser Seite findest du Najada diving Kontakte, sowie Erfahrungsberichte von Kunden in Sozialen Netzwerken wie Tauchernet, Tripadvisor und Google.\",\"breadcrumb\":{\"@id\":\"https:\/\/www.najada.com\/word-press\/language\/de\/kontakt\/#breadcrumb\"},\"inLanguage\":\"en-US\",\"potentialAction\":[{\"@type\":\"ReadAction\",\"target\":[\"https:\/\/www.najada.com\/word-press\/language\/de\/kontakt\/\"]}]},{\"@type\":\"BreadcrumbList\",\"@id\":\"https:\/\/www.najada.com\/word-press\/language\/de\/kontakt\/#breadcrumb\",\"itemListElement\":[{\"@type\":\"ListItem\",\"position\":1,\"name\":\"Startseite\",\"item\":\"https:\/\/www.najada.com\/word-press\/\"},{\"@type\":\"ListItem\",\"position\":2,\"name\":\"Kontakt\"}]},{\"@type\":\"WebSite\",\"@id\":\"https:\/\/www.najada.com\/word-press\/#website\",\"url\":\"https:\/\/www.najada.com\/word-press\/\",\"name\":\"Najada diving\",\"description\":\"Tauchen in Kroatien \/ Diving in Croatia\",\"publisher\":{\"@id\":\"https:\/\/www.najada.com\/word-press\/#organization\"},\"potentialAction\":[{\"@type\":\"SearchAction\",\"target\":{\"@type\":\"EntryPoint\",\"urlTemplate\":\"https:\/\/www.najada.com\/word-press\/?s={search_term_string}\"},\"query-input\":\"required name=search_term_string\"}],\"inLanguage\":\"en-US\"},{\"@type\":\"Organization\",\"@id\":\"https:\/\/www.najada.com\/word-press\/#organization\",\"name\":\"Najada d.o.o.\",\"url\":\"https:\/\/www.najada.com\/word-press\/\",\"logo\":{\"@type\":\"ImageObject\",\"inLanguage\":\"en-US\",\"@id\":\"https:\/\/www.najada.com\/word-press\/#\/schema\/logo\/image\/\",\"url\":\"https:\/\/www.najada.com\/word-press\/wp-content\/uploads\/logonurnajada-Kopie.png\",\"contentUrl\":\"https:\/\/www.najada.com\/word-press\/wp-content\/uploads\/logonurnajada-Kopie.png\",\"width\":400,\"height\":405,\"caption\":\"Najada d.o.o.\"},\"image\":{\"@id\":\"https:\/\/www.najada.com\/word-press\/#\/schema\/logo\/image\/\"},\"sameAs\":[\"https:\/\/www.facebook.com\/NajadaDiving\",\"https:\/\/www.instagram.com\/najadadiving\/\",\"https:\/\/www.youtube.com\/user\/najadadiving\/videos\"]}]}<\/script>\n<!-- \/ Yoast SEO Premium plugin. -->","yoast_head_json":{"title":"Kontakt Najada diving - Erfahrungsberichte - Soziale Netzwerke","description":"Auf dieser Seite findest du Najada diving Kontakte, sowie Erfahrungsberichte von Kunden in Sozialen Netzwerken wie Tauchernet, Tripadvisor und Google.","robots":{"index":"index","follow":"follow","max-snippet":"max-snippet:-1","max-image-preview":"max-image-preview:large","max-video-preview":"max-video-preview:-1"},"canonical":"https:\/\/www.najada.com\/word-press\/language\/de\/kontakt\/","og_locale":"en_US","og_type":"article","og_title":"Kontakt","og_description":"Auf dieser Seite findest du Najada diving Kontakte, sowie Erfahrungsberichte von Kunden in Sozialen Netzwerken wie Tauchernet, Tripadvisor und Google.","og_url":"https:\/\/www.najada.com\/word-press\/language\/de\/kontakt\/","og_site_name":"Najada diving","article_publisher":"https:\/\/www.facebook.com\/NajadaDiving","article_modified_time":"2024-04-24T09:53:33+00:00","og_image":[{"url":"https:\/\/www.najada.com\/word-press\/wp-content\/uploads\/cropped-logonurnajada-Kopie.png"}],"twitter_card":"summary_large_image","twitter_misc":{"Est. reading time":"2 minutes"},"schema":{"@context":"https:\/\/schema.org","@graph":[{"@type":"WebPage","@id":"https:\/\/www.najada.com\/word-press\/language\/de\/kontakt\/","url":"https:\/\/www.najada.com\/word-press\/language\/de\/kontakt\/","name":"Kontakt Najada diving - Erfahrungsberichte - Soziale Netzwerke","isPartOf":{"@id":"https:\/\/www.najada.com\/word-press\/#website"},"datePublished":"2018-01-02T06:44:22+00:00","dateModified":"2024-04-24T09:53:33+00:00","description":"Auf dieser Seite findest du Najada diving Kontakte, sowie Erfahrungsberichte von Kunden in Sozialen Netzwerken wie Tauchernet, Tripadvisor und Google.","breadcrumb":{"@id":"https:\/\/www.najada.com\/word-press\/language\/de\/kontakt\/#breadcrumb"},"inLanguage":"en-US","potentialAction":[{"@type":"ReadAction","target":["https:\/\/www.najada.com\/word-press\/language\/de\/kontakt\/"]}]},{"@type":"BreadcrumbList","@id":"https:\/\/www.najada.com\/word-press\/language\/de\/kontakt\/#breadcrumb","itemListElement":[{"@type":"ListItem","position":1,"name":"Startseite","item":"https:\/\/www.najada.com\/word-press\/"},{"@type":"ListItem","position":2,"name":"Kontakt"}]},{"@type":"WebSite","@id":"https:\/\/www.najada.com\/word-press\/#website","url":"https:\/\/www.najada.com\/word-press\/","name":"Najada diving","description":"Tauchen in Kroatien \/ Diving in Croatia","publisher":{"@id":"https:\/\/www.najada.com\/word-press\/#organization"},"potentialAction":[{"@type":"SearchAction","target":{"@type":"EntryPoint","urlTemplate":"https:\/\/www.najada.com\/word-press\/?s={search_term_string}"},"query-input":"required name=search_term_string"}],"inLanguage":"en-US"},{"@type":"Organization","@id":"https:\/\/www.najada.com\/word-press\/#organization","name":"Najada d.o.o.","url":"https:\/\/www.najada.com\/word-press\/","logo":{"@type":"ImageObject","inLanguage":"en-US","@id":"https:\/\/www.najada.com\/word-press\/#\/schema\/logo\/image\/","url":"https:\/\/www.najada.com\/word-press\/wp-content\/uploads\/logonurnajada-Kopie.png","contentUrl":"https:\/\/www.najada.com\/word-press\/wp-content\/uploads\/logonurnajada-Kopie.png","width":400,"height":405,"caption":"Najada d.o.o."},"image":{"@id":"https:\/\/www.najada.com\/word-press\/#\/schema\/logo\/image\/"},"sameAs":["https:\/\/www.facebook.com\/NajadaDiving","https:\/\/www.instagram.com\/najadadiving\/","https:\/\/www.youtube.com\/user\/najadadiving\/videos"]}]}},"_links":{"self":[{"href":"https:\/\/www.najada.com\/word-press\/wp-json\/wp\/v2\/pages\/3286"}],"collection":[{"href":"https:\/\/www.najada.com\/word-press\/wp-json\/wp\/v2\/pages"}],"about":[{"href":"https:\/\/www.najada.com\/word-press\/wp-json\/wp\/v2\/types\/page"}],"author":[{"embeddable":true,"href":"https:\/\/www.najada.com\/word-press\/wp-json\/wp\/v2\/users\/1"}],"replies":[{"embeddable":true,"href":"https:\/\/www.najada.com\/word-press\/wp-json\/wp\/v2\/comments?post=3286"}],"version-history":[{"count":104,"href":"https:\/\/www.najada.com\/word-press\/wp-json\/wp\/v2\/pages\/3286\/revisions"}],"predecessor-version":[{"id":8674,"href":"https:\/\/www.najada.com\/word-press\/wp-json\/wp\/v2\/pages\/3286\/revisions\/8674"}],"wp:attachment":[{"href":"https:\/\/www.najada.com\/word-press\/wp-json\/wp\/v2\/media?parent=3286"}],"curies":[{"name":"wp","href":"https:\/\/api.w.org\/{rel}","templated":true}]}}