{"id":1662,"date":"2017-10-24T08:09:18","date_gmt":"2017-10-24T08:09:18","guid":{"rendered":"https:\/\/www.najada.com\/word-press\/?page_id=1662"},"modified":"2024-04-24T10:35:54","modified_gmt":"2024-04-24T10:35:54","slug":"padi-der-weg-zum-profi","status":"publish","type":"page","link":"https:\/\/www.najada.com\/word-press\/language\/de\/padi-der-weg-zum-profi\/","title":{"rendered":"PADI der Weg zum Profi"},"content":{"rendered":"<table style=\"background-color: #8ce9fa;\" width=\"100%\">\n<tbody>\n<tr>\n<td>\n<h2 style=\"text-align: center;\"><span style=\"color: #0000ff;\">DIVEMASTER<\/span><\/h2>\n<h3 class=\"accordion-heading opened\" data-attribute-id=\"72\">BESCHREIBUNG<\/h3>\n<div class=\"accordion-content description\">\n<p>Du liebst das Tauchen? M\u00f6chtest du es mit anderen auf einem ganz neuen Level teilen? Nimm an einem PADI Divemaster Kurs teil und lasse das, was du liebst, zu deiner Karriere werden. Taucher schauen zu Divemasters auf, weil sie Leader sind, die als Mentor f\u00fcr andere fungieren und sie motivieren. Als Divemaster kommt man nicht nur oft zum Tauchen, sondern es geh\u00f6rt auch das Vergn\u00fcgen dazu zu sehen, wie andere genauso viel Spa\u00df beim Tauchen haben wie du selbst.<\/p>\n<p>Der PADI Divemaster Kurs ist die erste Stufe deiner Ausbildung zum Profi. In enger Zusammenarbeit mit deinem PADI Instructor wirst du an der Feinabstimmung deiner Tauchfertigkeiten arbeiten, um zum Beispiel v\u00f6llig m\u00fchelos im Wasser zu schweben, und du wirst deine Rettungsfertigkeiten so optimieren, dass du \u00fcbliche Probleme beim Tauchen antizipieren und leicht l\u00f6sen kannst. Du wirst dir Kenntnisse in Tauchtheorie sowie F\u00e4higkeiten in den Bereichen Management und Supervision aneignen, was dich zu einem Vorbild f\u00fcr andere Taucher machen wird.<\/p>\n<p>Als ein PADI Divemaster wirst du Taucher anleiten und sie f\u00fchren, indem du die Supervision beim Tauchen \u00fcber sie aus\u00fcbst und bei ihrer Tauchausbildung assistierst. Ob du in einem weit entfernten Gebiet arbeiten m\u00f6chtest, oder lieber n\u00e4her zu Hause in einem \u00f6rtlichen Tauchcenter, das Abenteuer deines Lebens wartet auf dich. PADI Divemasters sind allseits respektierte Tauchprofis, die der weltweit gr\u00f6\u00dften und angesehensten Organisation im Tauchen angeh\u00f6ren \u2013 PADI.<\/p>\n<h3 class=\"accordion-heading opened\" data-attribute-id=\"848\">DETAILS<\/h3>\n<p><img decoding=\"async\" loading=\"lazy\" class=\"wp-image-2107 alignright\" src=\"https:\/\/www.najada.com\/word-press\/wp-content\/uploads\/padi-dm.jpg\" alt=\"\" width=\"383\" height=\"215\" srcset=\"https:\/\/www.najada.com\/word-press\/wp-content\/uploads\/padi-dm.jpg 900w, https:\/\/www.najada.com\/word-press\/wp-content\/uploads\/padi-dm-768x432.jpg 768w, https:\/\/www.najada.com\/word-press\/wp-content\/uploads\/padi-dm-500x281.jpg 500w\" sizes=\"(max-width: 383px) 100vw, 383px\" \/><\/p>\n<p><b>Mindestalter: 18<\/b><strong><span style=\"color: #0000ff;\"><br \/>\n<\/span><\/strong><b>Voraussetzungen: Rescue &amp; EFR (oder \u00e4quivalent), 40 eingeloggte Tauchg\u00e4nge, \u00c4rztliches Attest (nicht \u00e4lter als 12 Monate)<br \/>\nTheorielektionen: 12 Klassenzimmer (online) &amp; Workshops<br \/>\nFreiwassertauchg\u00e4nge: mindestens 20<br \/>\nTiefenlimit: 40m<br \/>\nEmpfohlene Kursdauer: 3 Wochen<br \/>\nSpezialausr\u00fcstung: siehe PADI Standards<\/b><\/p>\n<p>Anbot\/Termine: <span style=\"text-decoration: underline;\"><span style=\"color: #0000ff;\"><a style=\"color: #0000ff; text-decoration: underline;\" href=\"mailto:hello@najada.com?subject=Info%20Kurse\">&nbsp;hello<span class=\"naviklein1\">@najada.com<\/span><\/a><\/span><\/span><\/p>\n<\/div>\n<\/td>\n<\/tr>\n<\/tbody>\n<\/table>\n<hr>\n<table style=\"background-color: #8ce9fa;\" width=\"100%\">\n<tbody>\n<tr>\n<td>\n<h2 style=\"text-align: center;\"><span style=\"color: #0000ff;\">ASSISTANT INSTRUCTOR<\/span><\/h2>\n<h3 class=\"accordion-heading opened\" data-attribute-id=\"72\">BESCHREIBUNG<\/h3>\n<div class=\"accordion-content description\">\n<p>Der n\u00e4chste Schritt in der Profischiene ist der Assistant Instructor (AI) Programm. Du lernst, wie du Informationen organisierst und pr\u00e4sentierst und wie du Schwimmbadlektionen &amp; Tauchfertigkeiten durchf\u00fchrst. Najada bietet den AI Kurs auch als Lerling-Option an. Wird der AI Kurs erfolgreich absolviert, erh\u00e4lt man das PADI Assistant Instructor Brevet. Wenn ein AI zum n\u00e4chsten Schritt bereit ist, geben wir gerne weitere Infos wo der AI an einem OWSI Programm teilnehmen kann.<\/p>\n<h3 class=\"accordion-heading opened\" data-attribute-id=\"848\">DETAILS<\/h3>\n<p><img decoding=\"async\" loading=\"lazy\" class=\"wp-image-2149 alignright\" src=\"https:\/\/www.najada.com\/word-press\/wp-content\/uploads\/leo_beach4_idc_oct.jpg\" alt=\"\" width=\"404\" height=\"317\" srcset=\"https:\/\/www.najada.com\/word-press\/wp-content\/uploads\/leo_beach4_idc_oct.jpg 960w, https:\/\/www.najada.com\/word-press\/wp-content\/uploads\/leo_beach4_idc_oct-768x602.jpg 768w, https:\/\/www.najada.com\/word-press\/wp-content\/uploads\/leo_beach4_idc_oct-500x392.jpg 500w\" sizes=\"(max-width: 404px) 100vw, 404px\" \/><\/p>\n<p><b>Mindestalter: 18<\/b><strong><span style=\"color: #0000ff;\"><br \/>\n<\/span><\/strong><b>Voraussetzungen: DM &amp; EFR (oder \u00e4quivalent), 60 eingeloggte Tauchg\u00e4nge, \u00c4rztliches Attest (nicht \u00e4lter als 12 Monate)<br \/>\nTheorielektionen: 5 Klassenzimmer (online) &amp; Workshops<br \/>\nFreiwassertauchg\u00e4nge: Keine<br \/>\nTiefenlimit: 6m<br \/>\nEmpfohlene Kursdauer: 4-5 Tage<br \/>\nSpezialausr\u00fcstung: siehe PADI Standards<\/b><\/p>\n<p>Anbot\/Termine: <span style=\"text-decoration: underline;\"><span style=\"color: #0000ff;\"><a style=\"color: #0000ff; text-decoration: underline;\" href=\"mailto:hello@najada.com?subject=Info%20Kurse\">&nbsp;hello<span class=\"naviklein1\">@najada.com<\/span><\/a><\/span><\/span><\/p>\n<\/div>\n<\/td>\n<\/tr>\n<\/tbody>\n<\/table>\n<hr>\n","protected":false},"excerpt":{"rendered":"<p>DIVEMASTER BESCHREIBUNG Du liebst das Tauchen? M\u00f6chtest du es mit anderen auf einem ganz neuen Level teilen? Nimm an einem PADI Divemaster Kurs teil und lasse das, was du liebst, zu deiner Karriere werden. Taucher schauen zu Divemasters auf, weil sie Leader sind, die als Mentor f\u00fcr andere fungieren und sie motivieren. Als Divemaster kommt [&hellip;]<\/p>\n","protected":false},"author":1,"featured_media":0,"parent":0,"menu_order":0,"comment_status":"closed","ping_status":"closed","template":"","meta":{"ngg_post_thumbnail":0},"yoast_head":"<!-- This site is optimized with the Yoast SEO Premium plugin v20.2 (Yoast SEO v20.2) - https:\/\/yoast.com\/wordpress\/plugins\/seo\/ -->\n<title>PADI der Weg zum Profi - Najada diving<\/title>\n<meta name=\"robots\" content=\"index, follow, max-snippet:-1, max-image-preview:large, max-video-preview:-1\" \/>\n<link rel=\"canonical\" href=\"https:\/\/www.najada.com\/word-press\/language\/de\/padi-der-weg-zum-profi\/\" \/>\n<meta property=\"og:locale\" content=\"en_US\" \/>\n<meta property=\"og:type\" content=\"article\" \/>\n<meta property=\"og:title\" content=\"PADI der Weg zum Profi\" \/>\n<meta property=\"og:description\" content=\"DIVEMASTER BESCHREIBUNG Du liebst das Tauchen? M\u00f6chtest du es mit anderen auf einem ganz neuen Level teilen? Nimm an einem PADI Divemaster Kurs teil und lasse das, was du liebst, zu deiner Karriere werden. Taucher schauen zu Divemasters auf, weil sie Leader sind, die als Mentor f\u00fcr andere fungieren und sie motivieren. Als Divemaster kommt [&hellip;]\" \/>\n<meta property=\"og:url\" content=\"https:\/\/www.najada.com\/word-press\/language\/de\/padi-der-weg-zum-profi\/\" \/>\n<meta property=\"og:site_name\" content=\"Najada diving\" \/>\n<meta property=\"article:publisher\" content=\"https:\/\/www.facebook.com\/NajadaDiving\" \/>\n<meta property=\"article:modified_time\" content=\"2024-04-24T10:35:54+00:00\" \/>\n<meta property=\"og:image\" content=\"https:\/\/www.najada.com\/word-press\/wp-content\/uploads\/padi-dm.jpg\" \/>\n<meta name=\"twitter:card\" content=\"summary_large_image\" \/>\n<meta name=\"twitter:label1\" content=\"Est. reading time\" \/>\n\t<meta name=\"twitter:data1\" content=\"3 minutes\" \/>\n<script type=\"application\/ld+json\" class=\"yoast-schema-graph\">{\"@context\":\"https:\/\/schema.org\",\"@graph\":[{\"@type\":\"WebPage\",\"@id\":\"https:\/\/www.najada.com\/word-press\/language\/de\/padi-der-weg-zum-profi\/\",\"url\":\"https:\/\/www.najada.com\/word-press\/language\/de\/padi-der-weg-zum-profi\/\",\"name\":\"PADI der Weg zum Profi - Najada diving\",\"isPartOf\":{\"@id\":\"https:\/\/www.najada.com\/word-press\/#website\"},\"datePublished\":\"2017-10-24T08:09:18+00:00\",\"dateModified\":\"2024-04-24T10:35:54+00:00\",\"breadcrumb\":{\"@id\":\"https:\/\/www.najada.com\/word-press\/language\/de\/padi-der-weg-zum-profi\/#breadcrumb\"},\"inLanguage\":\"en-US\",\"potentialAction\":[{\"@type\":\"ReadAction\",\"target\":[\"https:\/\/www.najada.com\/word-press\/language\/de\/padi-der-weg-zum-profi\/\"]}]},{\"@type\":\"BreadcrumbList\",\"@id\":\"https:\/\/www.najada.com\/word-press\/language\/de\/padi-der-weg-zum-profi\/#breadcrumb\",\"itemListElement\":[{\"@type\":\"ListItem\",\"position\":1,\"name\":\"Startseite\",\"item\":\"https:\/\/www.najada.com\/word-press\/\"},{\"@type\":\"ListItem\",\"position\":2,\"name\":\"PADI der Weg zum Profi\"}]},{\"@type\":\"WebSite\",\"@id\":\"https:\/\/www.najada.com\/word-press\/#website\",\"url\":\"https:\/\/www.najada.com\/word-press\/\",\"name\":\"Najada diving\",\"description\":\"Tauchen in Kroatien \/ Diving in Croatia\",\"publisher\":{\"@id\":\"https:\/\/www.najada.com\/word-press\/#organization\"},\"potentialAction\":[{\"@type\":\"SearchAction\",\"target\":{\"@type\":\"EntryPoint\",\"urlTemplate\":\"https:\/\/www.najada.com\/word-press\/?s={search_term_string}\"},\"query-input\":\"required name=search_term_string\"}],\"inLanguage\":\"en-US\"},{\"@type\":\"Organization\",\"@id\":\"https:\/\/www.najada.com\/word-press\/#organization\",\"name\":\"Najada d.o.o.\",\"url\":\"https:\/\/www.najada.com\/word-press\/\",\"logo\":{\"@type\":\"ImageObject\",\"inLanguage\":\"en-US\",\"@id\":\"https:\/\/www.najada.com\/word-press\/#\/schema\/logo\/image\/\",\"url\":\"https:\/\/www.najada.com\/word-press\/wp-content\/uploads\/logonurnajada-Kopie.png\",\"contentUrl\":\"https:\/\/www.najada.com\/word-press\/wp-content\/uploads\/logonurnajada-Kopie.png\",\"width\":400,\"height\":405,\"caption\":\"Najada d.o.o.\"},\"image\":{\"@id\":\"https:\/\/www.najada.com\/word-press\/#\/schema\/logo\/image\/\"},\"sameAs\":[\"https:\/\/www.facebook.com\/NajadaDiving\",\"https:\/\/www.instagram.com\/najadadiving\/\",\"https:\/\/www.youtube.com\/user\/najadadiving\/videos\"]}]}<\/script>\n<!-- \/ Yoast SEO Premium plugin. -->","yoast_head_json":{"title":"PADI der Weg zum Profi - Najada diving","robots":{"index":"index","follow":"follow","max-snippet":"max-snippet:-1","max-image-preview":"max-image-preview:large","max-video-preview":"max-video-preview:-1"},"canonical":"https:\/\/www.najada.com\/word-press\/language\/de\/padi-der-weg-zum-profi\/","og_locale":"en_US","og_type":"article","og_title":"PADI der Weg zum Profi","og_description":"DIVEMASTER BESCHREIBUNG Du liebst das Tauchen? M\u00f6chtest du es mit anderen auf einem ganz neuen Level teilen? Nimm an einem PADI Divemaster Kurs teil und lasse das, was du liebst, zu deiner Karriere werden. Taucher schauen zu Divemasters auf, weil sie Leader sind, die als Mentor f\u00fcr andere fungieren und sie motivieren. Als Divemaster kommt [&hellip;]","og_url":"https:\/\/www.najada.com\/word-press\/language\/de\/padi-der-weg-zum-profi\/","og_site_name":"Najada diving","article_publisher":"https:\/\/www.facebook.com\/NajadaDiving","article_modified_time":"2024-04-24T10:35:54+00:00","og_image":[{"url":"https:\/\/www.najada.com\/word-press\/wp-content\/uploads\/padi-dm.jpg"}],"twitter_card":"summary_large_image","twitter_misc":{"Est. reading time":"3 minutes"},"schema":{"@context":"https:\/\/schema.org","@graph":[{"@type":"WebPage","@id":"https:\/\/www.najada.com\/word-press\/language\/de\/padi-der-weg-zum-profi\/","url":"https:\/\/www.najada.com\/word-press\/language\/de\/padi-der-weg-zum-profi\/","name":"PADI der Weg zum Profi - Najada diving","isPartOf":{"@id":"https:\/\/www.najada.com\/word-press\/#website"},"datePublished":"2017-10-24T08:09:18+00:00","dateModified":"2024-04-24T10:35:54+00:00","breadcrumb":{"@id":"https:\/\/www.najada.com\/word-press\/language\/de\/padi-der-weg-zum-profi\/#breadcrumb"},"inLanguage":"en-US","potentialAction":[{"@type":"ReadAction","target":["https:\/\/www.najada.com\/word-press\/language\/de\/padi-der-weg-zum-profi\/"]}]},{"@type":"BreadcrumbList","@id":"https:\/\/www.najada.com\/word-press\/language\/de\/padi-der-weg-zum-profi\/#breadcrumb","itemListElement":[{"@type":"ListItem","position":1,"name":"Startseite","item":"https:\/\/www.najada.com\/word-press\/"},{"@type":"ListItem","position":2,"name":"PADI der Weg zum Profi"}]},{"@type":"WebSite","@id":"https:\/\/www.najada.com\/word-press\/#website","url":"https:\/\/www.najada.com\/word-press\/","name":"Najada diving","description":"Tauchen in Kroatien \/ Diving in Croatia","publisher":{"@id":"https:\/\/www.najada.com\/word-press\/#organization"},"potentialAction":[{"@type":"SearchAction","target":{"@type":"EntryPoint","urlTemplate":"https:\/\/www.najada.com\/word-press\/?s={search_term_string}"},"query-input":"required name=search_term_string"}],"inLanguage":"en-US"},{"@type":"Organization","@id":"https:\/\/www.najada.com\/word-press\/#organization","name":"Najada d.o.o.","url":"https:\/\/www.najada.com\/word-press\/","logo":{"@type":"ImageObject","inLanguage":"en-US","@id":"https:\/\/www.najada.com\/word-press\/#\/schema\/logo\/image\/","url":"https:\/\/www.najada.com\/word-press\/wp-content\/uploads\/logonurnajada-Kopie.png","contentUrl":"https:\/\/www.najada.com\/word-press\/wp-content\/uploads\/logonurnajada-Kopie.png","width":400,"height":405,"caption":"Najada d.o.o."},"image":{"@id":"https:\/\/www.najada.com\/word-press\/#\/schema\/logo\/image\/"},"sameAs":["https:\/\/www.facebook.com\/NajadaDiving","https:\/\/www.instagram.com\/najadadiving\/","https:\/\/www.youtube.com\/user\/najadadiving\/videos"]}]}},"_links":{"self":[{"href":"https:\/\/www.najada.com\/word-press\/wp-json\/wp\/v2\/pages\/1662"}],"collection":[{"href":"https:\/\/www.najada.com\/word-press\/wp-json\/wp\/v2\/pages"}],"about":[{"href":"https:\/\/www.najada.com\/word-press\/wp-json\/wp\/v2\/types\/page"}],"author":[{"embeddable":true,"href":"https:\/\/www.najada.com\/word-press\/wp-json\/wp\/v2\/users\/1"}],"replies":[{"embeddable":true,"href":"https:\/\/www.najada.com\/word-press\/wp-json\/wp\/v2\/comments?post=1662"}],"version-history":[{"count":11,"href":"https:\/\/www.najada.com\/word-press\/wp-json\/wp\/v2\/pages\/1662\/revisions"}],"predecessor-version":[{"id":8687,"href":"https:\/\/www.najada.com\/word-press\/wp-json\/wp\/v2\/pages\/1662\/revisions\/8687"}],"wp:attachment":[{"href":"https:\/\/www.najada.com\/word-press\/wp-json\/wp\/v2\/media?parent=1662"}],"curies":[{"name":"wp","href":"https:\/\/api.w.org\/{rel}","templated":true}]}}